-282 = -2*r + 3*s. What are the prime factors of r?
3, 47
Let y(c) = -c**2 - 50*c + 33. Suppose -4*i - 259 = -63. List the prime factors of y(i).
2, 41
Let l be -3 + 27 + -3 + -1. Suppose -18*a + 134 = -l*a. Let i = -4 - a. What are the prime factors of i?
3, 7
Suppose 6*n = -3847 - 6593. Let y = -1231 - n. List the prime factors of y.
509
Suppose -4*h + 88124 = 2*n - 46034, 2*h + 4*n - 67058 = 0. What are the prime factors of h?
3, 3727
Let g = -64 - -52. What are the prime factors of ((-3)/g)/((-6)/(-552))?
23
Suppose 4*y = 244*a - 243*a + 33035, 3*a = 5*y - 41285. List the prime factors of y.
2, 5, 7, 59
Suppose -k + 4*y + 260 = 0, k + 0*k = -2*y + 242. Let q = k + -215. What are the prime factors of q?
3, 11
Suppose -27 - 50 = 11*h. What are the prime factors of 390 + 7/(h/1)?
389
Suppose 2*i + o + o = 16, -3*o - 11 = -2*i. Let t be 18/(-63) + ((-44)/i)/(-1). Let y(z) = 5*z**2 + 7*z - 36. What are the prime factors of y(t)?
2, 3, 31
Suppose 632*q = 662*q - 1076790. List the prime factors of q.
11, 13, 251
Suppose 0 = -6*t - 1 + 97. Suppose -22*y + t = -20*y. List the prime factors of y.
2
Let o(i) = -116*i + 136. Let g(k) = 7*k + 48. Let l be g(-8). List the prime factors of o(l).
2, 7, 19
Suppose 0*x - 6*x = -30. Suppose x*z = 9*z + 48. What are the prime factors of ((-19)/2 + 1)*(z + 2)?
5, 17
Let h(d) = -d**3 - 20*d**2 + 69*d + 7. Let l be h(-23). Suppose 90 = l*w - 5*w. What are the prime factors of w?
3, 5
Suppose -37 = 3*w - 5*w - a, -4*a = -w + 5. Suppose -2*h = -2*n - 46, h - 2 + w = -n. What are the prime factors of n/((((-2)/6)/(-1))/(-1))?
3, 19
Let c be (-23052)/22 - (-8)/(-44). Let w = -736 - c. Suppose -2*p + 3*b + w = -0*b, -3*b - 6 = 0. List the prime factors of p.
3, 17
Suppose -767*g + 106831 = -763*g + 5*y, 0 = 2*g - 2*y - 53384. List the prime factors of g.
26699
Let p(q) = 6*q + 2. Let v be p(-1). Let k be v/7 + 4775/(-35). Let l = k + 195. List the prime factors of l.
2, 29
Suppose -9*k - 238 = 8*k. Let p(x) = -x**2 - 28*x + 4. What are the prime factors of p(k)?
2, 5
Let o(x) = x**2 - 25*x - 117. Let i be o(29). Suppose 2*a = l - 165, 0 = 2*l + l + a - 502. Let k = l - i. List the prime factors of k.
2, 3, 7
Suppose -77*g + 6 = -78*g. Let p(k) = 0 - 11 - 12 - 19*k + 3*k**2 + 8*k. List the prime factors of p(g).
151
Suppose v = -c + 2, 5*c + 31 = 4*v + 5. Suppose -2*p + 268 = 4*j - 1086, 0 = v*p - 3*j - 2686. What are the prime factors of p?
673
Let z(y) = 35*y**2 - 6*y - 3. Let b(j) = -j + 1. Let c(m) = -5*b(m) - z(m). Let u be c(2). Let a = 175 + u. List the prime factors of a.
5, 11
Let x be 12*8/12*3/2. List the prime factors of 7/(-42) + 4178/x.
2, 3, 29
Suppose -16 = -28*i + 32*i, -5570 = -2*c - 4*i. What are the prime factors of c?
3, 7, 19
Let r(t) = -7*t**3 + 10*t**2 - 17*t - 7. Let s be r(-4). Suppose 2*d + u - 2067 = 0, 0 = -3*d - 5*u + s + 2449. What are the prime factors of d?
1031
Let m(o) = -59*o**3 + 5*o + 1 - o**2 - 3*o + 55*o**3. Let s be m(-1). Suppose 2*b = 136 - s. List the prime factors of b.
67
Let g be (1 - (-2)/(-2))/(-2 + 3). Let t(i) = i + 25*i**2 - 19*i**2 + g*i. What are the prime factors of t(1)?
7
Let z be (0 + 21)*(-2)/(-6). Suppose 2*d = -z*d + 3087. What are the prime factors of d?
7
Suppose 0 = -23*q - 2420 + 21326. Suppose -q = n - 1042. What are the prime factors of n?
2, 5, 11
Let k be 2*1/(4/4). Suppose 4*x + 20 = 0, h = -k*h - 4*x + 256. Suppose 94 = 2*t - 3*v - v, 3*v + h = 2*t. What are the prime factors of t?
43
Let k be (-59942)/(-205) - 1/(5/(-3)). Let a = k - 18. What are the prime factors of a?
5, 11
Suppose 0 = 3*x - 3*x + 3*x. Suppose w - 4 = -v, -4*v + 3*v = x. Suppose 468 = w*h + 3*o, 5*h = o - 202 + 768. What are the prime factors of h?
2, 3, 19
Suppose -j + 4*m + 9275 = 0, 235*j = 240*j - 3*m - 46426. List the prime factors of j.
37, 251
Suppose 16 = -4*k, 76*i - 82*i - 2*k + 35122 = 0. List the prime factors of i.
5, 1171
Let l(n) = n**3 + 18*n**2 + 17*n - 25. Let p(j) = -2*j**3 + 16*j**2 + 2*j - 30. Let c be p(8). What are the prime factors of l(c)?
521
Let j(b) = b + 11. Let f be j(-7). Suppose i = n + f*n - 7, 3*i + 3*n = 15. Suppose 153 = i*d - 66. List the prime factors of d.
73
Let d(i) = 47*i**2 - 70*i - 36. Let w(c) = 24*c**2 - 34*c - 18. Let s(m) = -3*d(m) + 7*w(m). What are the prime factors of s(9)?
3, 71
Let z(x) be the third derivative of 11*x**4/6 - 23*x**3/6 - 33*x**2. What are the prime factors of z(4)?
3, 17
Let l(z) = z**2 - 4*z - 9. Let i = -25 + 32. Let b be l(i). List the prime factors of b - (5 + (-4)/1).
11
Let y = 314 - 311. Suppose -q = -4*k + 2400, y*q = k - 577 - 12. List the prime factors of k.
601
Let i(w) = -w**3 + 171*w**2 + 61*w + 16. List the prime factors of i(169).
67447
Let y = 24691 - -2538. List the prime factors of y.
73, 373
Suppose -4*c + 2*c = t - 19, -5*t + 125 = -5*c. Suppose -t*z = -26*z + 15. Let w(j) = 3*j**2 + 2*j + 9. What are the prime factors of w(z)?
2, 47
Let o(x) = -81*x**2 + 10*x + 11. Let b(t) = -82*t**2 + 10*t + 11. Let w(j) = 5*b(j) - 6*o(j). List the prime factors of w(-1).
3, 5
Suppose 14*q + 10*q - 72 = 0. Suppose 5*p - 440 = 5*z, q = p + 4*z - 70. List the prime factors of p.
5, 17
Suppose 6*q = -q + 2*q + 118900. List the prime factors of q.
2, 5, 29, 41
Let z = 18393 + -7974. What are the prime factors of z?
3, 23, 151
Let x(j) = 7*j**2 + 13*j + 7. Suppose -7 + 46 = 13*f. Suppose -f*k - 18 = 3. What are the prime factors of x(k)?
7, 37
Suppose 3*c + 140 = -3*p + 41, 3*c - 29 = p. What are the prime factors of (-4 - (-22)/4)/((-6)/p)?
2
Let f be (-53 - -45)*(169/(-4) + 0). Suppose -105*m + 107*m - f = 0. List the prime factors of m.
13
Let q = 92 + -67. Suppose 4*l = 3*j + 100, -2*l = -l + 3*j - q. Let t(h) = -h**3 + 26*h**2 - 19*h + 26. What are the prime factors of t(l)?
2, 11
Let u = 136 - 63. Let h = u + 121. Let b = h + -127. What are the prime factors of b?
67
Suppose 8*y - 9025 = 33*y. Let l = y + 508. List the prime factors of l.
3, 7
What are the prime factors of 363/(10 + (-4277)/429)?
3, 11
Suppose 8*y + 87 = 247. Suppose -2*o - 12 = -m + o, -m + y = -5*o. Suppose -d + 81 = 4*c, -c = -3*d - m*c + 178. List the prime factors of d.
61
Let x = 86 + -77. Suppose -x*u + 70 + 101 = 0. Suppose u*o = 24*o - 590. List the prime factors of o.
2, 59
Suppose -56*v + 835094 = 45*v - 345091. What are the prime factors of v?
3, 5, 19, 41
Let t be (-3 - 1)*(8 + 210/(-24)). Suppose -t*b - 5*i + 1668 = -487, 3641 = 5*b - 4*i. List the prime factors of b.
5, 29
Suppose 5*a = -2*o + 21, -a + 22 = 5*o + 4. Suppose o*p - 1558 = -4*d - 329, 4*p = -3*d + 1648. What are the prime factors of p?
5, 83
Let n = -46 - -73. Suppose -4*l + l = -n. Suppose -l*q - 2*q + 2156 = 0. List the prime factors of q.
2, 7
Suppose -76108 = -15*j - 19093. List the prime factors of j.
3, 7, 181
Suppose 5*k = -26*g + 3510, -5*k + 2*g - 4*g + 3630 = 0. List the prime factors of k.
2, 7, 13
Let p = 13823 - 6426. Suppose -19*x + 1305 + p = 0. What are the prime factors of x?
2, 229
Suppose 2*k = -12*t + 14*t - 44498, 0 = k + 3. Suppose 11*g = -3*g + t. List the prime factors of g.
7, 227
Let u(a) = a**3 - 24*a**2 + 43*a + 881. List the prime factors of u(32).
3, 43
What are the prime factors of 184/1012 - 1147116/(-44)?
29, 31
Suppose -37*k = -32*k + 1760. Let g = k + 602. What are the prime factors of g?
2, 5
Suppose 2261*v + 1075182 = 2295*v. What are the prime factors of v?
3, 83, 127
Let t = 7057 - 3312. What are the prime factors of t?
5, 7, 107
Suppose -10*a + 159498 = 3*a - 11881. What are the prime factors of a?
13183
Let r(s) = s**2 - 3*s. Let n be r(-5). Suppose 0 = 8*i + 2*i - n. Suppose 5*z = 2*h + 84, -i*h = 5*z + 22 - 94. What are the prime factors of z?
2
Suppose 0 = 4*d - 5*g + 3*g - 26, -5*d + 40 = 5*g. What are the prime factors of 150/(-6)*(-105)/d?
3, 5
Let d be (1*28/(-4))/(1/(-285)). Let t = d + -384. What are the prime factors of t?
3, 179
Let h be (-4 - 32/(-8)) + 5. Suppose -h*m + 615 = 5*o, 0 = 2*o - o - 2*m - 135. List the prime factors of o.
127
Let y = 248 + -229. Let g(w) = 4*w**2 + 69*w - 58. Let a(z) = -3*z**2 - 46*z + 39. Let s(j) = 7*a(j) + 5*g(j). List the prime factors of s(y).
59
Suppose 73744 = 36*u - 20*u. List the prime factors of u.
11, 419
Let w = 34507 - 25133. What are the prime factors of w?
